of s?
3
Suppose -378696 + 1206600 = 21*m. List the prime factors of m.
2, 7, 11
Let v(q) = -130 + 135 - 2*q + 13*q. Let p be v(9). Suppose i + 2*c = 44, -2*i + 5*c + p = c. What are the prime factors of i?
2, 3
Suppose 6163 = -4*j + 5*t - 4*t, 0 = j + t + 1542. Let s = -896 - j. List the prime factors of s.
3, 5, 43
Suppose v + 91 = -5*a, 3*a + 5*v - 31 = 5*a. List the prime factors of ((-3588)/a)/(4/6).
13, 23
Let f(o) = 4*o**2 - 35*o - 64. Let p be f(11). Let g = 93 + -66. Let d = p - g. List the prime factors of d.
2
Let t be 21*(-1)/6*2. Let c be (t + -2)*(1 - (-150)/(-9)). Suppose 0 = -h - 5*l + 155, 0 = -h - l + c - 6. What are the prime factors of h?
2, 5, 13
Suppose -30*m + 238319 = -222061. List the prime factors of m.
2, 7673
Suppose -5048*t = -5051*t - 9111 + 59940. List the prime factors of t.
16943
Let z(r) = 105*r + 8. Let k be (-1 - -6) + (-8)/4. Let d be z(k). Suppose -d = -5*m + 92. List the prime factors of m.
83
Suppose 4*o - 31 = -119. Let t be ((2/5)/1)/(o/(-220)). Suppose 0*g + t*g - 552 = 0. What are the prime factors of g?
2, 3, 23
Suppose 2*i = i + 5. Suppose 0 = -102*v + 101*v + 3*g - 20, v = 5*g - 32. What are the prime factors of v/i - 11/(330/(-2172))?
2, 3
Suppose -5*o - 2*g + 169327 = 0, -56*o = -52*o + g - 135458. What are the prime factors of o?
33863
Suppose 0 = -14*k - 13403 + 19634 + 14713. List the prime factors of k.
2, 11, 17
Let t(s) = s**3 - 12*s**2 - 13*s + 1. Let q be t(13). Let u = 229 + q. What are the prime factors of u?
2, 5, 23
Let s be 13/5 + 21/(-35). Let m be s/(-1*(-2)/5). Suppose 8*f - 270 = m*f. What are the prime factors of f?
2, 3, 5
Suppose -87091 = 19*h - 585658 - 257139. List the prime factors of h.
2, 3, 7, 947
Let m(u) = u**3 + 5*u**2 - 9*u - 14. Let i be m(-6). Suppose -5*q + 329 = -i*q. List the prime factors of q.
7, 47
Suppose 3*m + 3537 = 3*w, -6 = 9*m - 7*m. List the prime factors of (5/((-5)/w))/((-105)/70).
2, 7
Suppose -186 = 18*f - 24*f. Let h = 239 + f. What are the prime factors of h?
2, 3, 5
Suppose 0*k - 192 = 8*k. Let y be k/36 + 362/3. Suppose -y = -26*c + 22*c. List the prime factors of c.
2, 3, 5
Suppose 14*b = 11*b + 24. Suppose -2*s + 8 = 2*s + 3*l, 3*l = 4*s - b. Suppose 0 = -s*i + 4*i - 110. List the prime factors of i.
5, 11
Let s = 1906 + -864. What are the prime factors of s?
2, 521
Let s be 1/3 + 56/21 + 51. Let v be (-14)/35 + s/10. Suppose v*g - 230 = -5*w, -g = -3*g - 4. What are the prime factors of w?
2, 3
Suppose 0 = -144*v - 25*v + 1704534. What are the prime factors of v?
2, 3, 41
Let o(b) = -b + 1. Let z(h) = 8*h - 16. Let r(i) = -18*o(i) - 2*z(i). Let j be r(-12). What are the prime factors of (6/3 + -4)*55/j?
11
Let k = -56 + 74. Let d(z) = z**3 - z**2. Let f(i) = -24*i**3 + 12*i**2 - 3*i - 6. Let o(w) = k*d(w) + f(w). What are the prime factors of o(-4)?
2, 3, 7
Let p(h) = 53*h - 49. Suppose -5*g + 47 = x, -5*x + 46 = g + 3*g. Let s be p(g). Let z = s - 297. List the prime factors of z.
131
What are the prime factors of 52/12*11427/13 + 7?
2, 3, 53
Let z = 511 + -526. What are the prime factors of 125*((-64)/z - 12/(-9))?
2, 5, 7
Let w(s) = -29*s + 184. Let b(o) = -60*o + 367. Let a(n) = 2*b(n) - 5*w(n). List the prime factors of a(35).
13, 53
Let y(r) = 3*r**3 + 4*r**2 + 3*r - 1. Let a(u) = -u**3 + u**2 + 1. Let f(v) = -2*a(v) - 2*y(v). Let h = 15 - 19. List the prime factors of f(h).
2, 3, 5
Suppose 2*f - 2*x - 499 - 1411 = 0, f - 5*x = 943. Suppose t - f = 2*h, -3*h = -3*t + 7*t - 3821. What are the prime factors of t?
2, 239
Let p(g) = -295*g - 2492. What are the prime factors of p(-57)?
14323
Let d = -42559 + 52673. What are the prime factors of d?
2, 13, 389
Let i(h) = h**3 + 13*h**2 - 25*h + 31. Let u = -31 + 19. What are the prime factors of i(u)?
5, 19
Suppose 39*g = -7*g + 13*g + 262251. What are the prime factors of g?
3, 883
What are the prime factors of 104228/9 + (327/27 - (14 - 2))?
37, 313
Suppose 0 = 2*f + p - 319, 4*f = 2*f + 5*p + 325. Suppose 0 = j + 4, -103*o - 2*j = -99*o - 16. List the prime factors of ((-36)/(-10))/(o/f).
2, 3
Let p(j) = j - 3. Let q be p(7). Suppose q*z + 8*z - 4488 = 0. Suppose -3*g + 2*a = -z, 4*g - 4*a - 288 - 204 = 0. What are the prime factors of g?
2
Suppose 39*r = 33*r + 18. Suppose -2*i + 41 = -r*y, i - y + 53 = 3*i. What are the prime factors of i?
5
List the prime factors of (-3610)/(-190) - (1 + -16484).
2, 37, 223
Let z(k) = -k - 10. Let i be z(-6). Suppose -47 + 425 = -21*w. Let o = i - w. List the prime factors of o.
2, 7
Let q = -199 - -204. Suppose -1125 - 590 = -q*x. What are the prime factors of x?
7
Let c be 10/8 + -2 + (-75)/60. What are the prime factors of c - (-5 + 6 + -103)?
2, 5
Let t(x) = x**3 + 23*x**2 + 6*x - 24. Let s be t(-10). Suppose -12*p + 4*p + s = 0. List the prime factors of (1 - p/6)/((-30)/90).
73
What are the prime factors of (-9278)/(-3) + (-805)/(-345)?
5, 619
Suppose -8*u = 2*u + 40. Let n be (-4)/(-10) + (88/(-20) - u). Suppose n = i - 5*y - 50 - 67, -469 = -5*i - 4*y. What are the prime factors of i?
97
Let a = 112 + -111. List the prime factors of (a + 1452/9)*3.
487
Let w = -898 - -920. Let z(v) = 4*v - 29. Let i(h) = h + 1. Let u(f) = 3*i(f) - z(f). What are the prime factors of u(w)?
2, 5
Suppose 1006*r + 960834 = 1061*r - 151816. List the prime factors of r.
2, 5, 7, 17
Suppose -4*q + 4*p = -37264, 5*p - 23069 = -2*q - 4472. What are the prime factors of q?
9311
Let x be (-3 + -3)*2/6*2. What are the prime factors of 100 + -10 + (-16)/x?
2, 47
Let s(n) = 114*n**2 + 34*n - 64. What are the prime factors of s(-8)?
2, 3, 5, 29
Suppose -20 = -4*q, 0*y + 10 = 5*y + 2*q. Suppose -5*s - 5*d + 1307 + 393 = 0, 3*s - d - 1000 = y. What are the prime factors of s?
5, 67
Let s = 247 + -243. Suppose 2*r - s*z = -6*z + 734, -8 = 4*z. List the prime factors of r.
3, 41
Let d = -272 - 1503. Let w = d - -4535. Suppose -9*i = i - w. What are the prime factors of i?
2, 3, 23
Suppose 5*h - 12*o + 7*o - 2280 = 0, -4*h + 1839 = o. Let x = -664 + h. What are the prime factors of (-1 + 19)*x/(-45)*3?
2, 3, 41
Let w = 1287 + -652. List the prime factors of w.
5, 127
Let i = 3418 - 2887. What are the prime factors of i?
3, 59
Let u(o) = -13*o**3 - 3*o**2 - o + 1. Let f be u(-1). Suppose 0 = f*c - c - 1859. What are the prime factors of c?
13
Let i(r) = 7 - 5*r - 103 - 27 - 2*r + r. List the prime factors of i(-28).
3, 5
Let c(l) = 15*l**2 - 33*l + 27. Let x be 8 - (6 + -38)/(-2). What are the prime factors of c(x)?
3, 139
Let d(g) be the first derivative of g**4/8 + 23*g**3/2 + 39*g**2/2 + 2. Let b(r) be the second derivative of d(r). List the prime factors of b(-18).
3, 5
Let r = -51137 - -74119. List the prime factors of r.
2, 11491
Let m be 243/(-18)*(-16)/(-3). Let h = -196 - m. Let o = -59 - h. List the prime factors of o.
5, 13
Let n(s) = 66*s - 164. Let d be n(8). Suppose -11*z - 155 = -d. What are the prime factors of z?
19
Let t = 529 + -224. Let d = t + -43. Let c = d - 143. List the prime factors of c.
7, 17
Let r(y) = -y**3 + 33*y**2 - 35*y + 44. List the prime factors of r(30).
2, 7, 11
Let p be ((-9)/(-6))/((-34)/(-8) - 5). Suppose 0 = 5*h - 85 + 35. List the prime factors of (h/(-4))/(p + (-126)/(-64)).
2, 5
Let l(z) = 7*z**3 - 27*z**2 - 64*z + 38. Let v(p) = -11*p**3 + 41*p**2 + 95*p - 56. Let h(o) = -8*l(o) - 5*v(o). List the prime factors of h(9).
3, 157
Suppose 8*r - 5*r - 486 = 0. Suppose 4*q - 206 - r = 0. Suppose -w - 459 = -5*v - 5*w, v - q = -w. What are the prime factors of v?
7, 13
Let r(m) = -m**3 + 5*m**2 + 11*m + 11. Let d be r(11). Let u = -11 - d. Suppose 119 = t - 2*k, 0 = 3*t + 2*t - 4*k - u. List the prime factors of t.
5, 23
Let m(w) = w + 13. Let o be m(-11). Suppose 36 = o*u - 5*u. List the prime factors of (-2)/4 - 1158/u.
2, 3
Suppose 62 = -3*d - 0*d + 4*v, -2*v = -2*d - 42. Suppose -142 = -4*f + 274. Let h = f + d. List the prime factors of h.
2, 41
Let d = -102 - -107. Suppose d*g - 2*g - 16 = 5*k, 5 = 5*g - 4*k. List the prime factors of (g*2/9*42)/(-2).
2, 7
Suppose 24*j + 12*j = 137416 + 428288. List the prime factors of j.
2, 3, 97
Suppose 5*b - 1601 = 8854. List the prime factors of b.
3, 17, 41
Suppose -38*x = -36*x + 48. Let d = x - -99. Suppose 236 = 5*b + 4*y - 76, 5*y - d = -b. What are the prime factors of b?
2, 3, 5
Let i(f)